{"id":1078,"date":"2020-04-28T21:41:59","date_gmt":"2020-04-29T02:41:59","guid":{"rendered":"https:\/\/sadeluniformes.com\/tienda\/?post_type=product&#038;p=1078"},"modified":"2025-04-05T23:32:18","modified_gmt":"2025-04-06T04:32:18","slug":"polo-m-larga-para-nino-pack","status":"publish","type":"product","link":"https:\/\/sadeluniformes.com\/tienda\/index.php\/product\/polo-m-larga-para-nino-pack\/","title":{"rendered":"CAMISETA M\/LARGA PARA NI\u00d1O &#8211; VAR\u00d3N (Pack 3)"},"content":{"rendered":"<p>100% algod\u00f3n pima.<\/p>\n<p>Pack de 3 unidades.<\/p>\n<p>Color blanco.<\/p>\n<p>Se recomienda llevar 1 talla mas, el es molde peque\u00f1o.<\/p>\n<p>Cuello redondo, manga larga.<\/p>\n<p>Marca stallone.<\/p>\n","protected":false},"excerpt":{"rendered":"<p>100% algod\u00f3n pima. Pack de 3 unidades. Color blanco. Se recomienda llevar 1 talla mas, el es molde peque\u00f1o. Cuello redondo, manga larga. Marca stallone.<\/p>\n","protected":false},"featured_media":5432,"template":"","meta":[],"_links":{"self":[{"href":"https:\/\/sadeluniformes.com\/tienda\/index.php\/wp-json\/wp\/v2\/product\/1078"}],"collection":[{"href":"https:\/\/sadeluniformes.com\/tienda\/index.php\/wp-json\/wp\/v2\/product"}],"about":[{"href":"https:\/\/sadeluniformes.com\/tienda\/index.php\/wp-json\/wp\/v2\/types\/product"}],"wp:featuredmedia":[{"embeddable":true,"href":"https:\/\/sadeluniformes.com\/tienda\/index.php\/wp-json\/wp\/v2\/media\/5432"}],"wp:attachment":[{"href":"https:\/\/sadeluniformes.com\/tienda\/index.php\/wp-json\/wp\/v2\/media?parent=1078"}],"curies":[{"name":"wp","href":"https:\/\/api.w.org\/{rel}","templated":true}]}}