{"id":149,"date":"2020-01-23T19:54:23","date_gmt":"2020-01-23T19:54:23","guid":{"rendered":"https:\/\/sadeluniformes.com\/tienda\/?post_type=product&#038;p=149"},"modified":"2026-04-04T12:10:34","modified_gmt":"2026-04-04T17:10:34","slug":"sudadera-franela","status":"publish","type":"product","link":"https:\/\/sadeluniformes.com\/tienda\/index.php\/product\/sudadera-franela\/","title":{"rendered":"Polera-Sweatshirt de Franela"},"content":{"rendered":"<ul>\n<li>Polo de invierno en algod\u00f3n afranelado.<\/li>\n<li>Pu\u00f1os con abertura para el dedo.<\/li>\n<li>Pu\u00f1os, pretina en rib.<\/li>\n<li>Insignia bordada.<\/li>\n<li>Encogimiento de hasta 2 tallas. Dependiendo el tipo de secadora.<\/li>\n<\/ul>\n","protected":false},"excerpt":{"rendered":"<p>Polo de invierno en algod\u00f3n afranelado. Pu\u00f1os con abertura para el dedo. Pu\u00f1os, pretina en rib. Insignia bordada. Encogimiento de hasta 2 tallas. Dependiendo el tipo de secadora.<\/p>\n","protected":false},"featured_media":5708,"template":"","meta":[],"_links":{"self":[{"href":"https:\/\/sadeluniformes.com\/tienda\/index.php\/wp-json\/wp\/v2\/product\/149"}],"collection":[{"href":"https:\/\/sadeluniformes.com\/tienda\/index.php\/wp-json\/wp\/v2\/product"}],"about":[{"href":"https:\/\/sadeluniformes.com\/tienda\/index.php\/wp-json\/wp\/v2\/types\/product"}],"wp:featuredmedia":[{"embeddable":true,"href":"https:\/\/sadeluniformes.com\/tienda\/index.php\/wp-json\/wp\/v2\/media\/5708"}],"wp:attachment":[{"href":"https:\/\/sadeluniformes.com\/tienda\/index.php\/wp-json\/wp\/v2\/media?parent=149"}],"curies":[{"name":"wp","href":"https:\/\/api.w.org\/{rel}","templated":true}]}}