{"id":348,"date":"2020-01-24T05:43:38","date_gmt":"2020-01-24T05:43:38","guid":{"rendered":"https:\/\/sadeluniformes.com\/tienda\/?post_type=product&#038;p=348"},"modified":"2026-03-10T22:07:11","modified_gmt":"2026-03-11T03:07:11","slug":"pantalon-en-casimir","status":"publish","type":"product","link":"https:\/\/sadeluniformes.com\/tienda\/index.php\/product\/pantalon-en-casimir\/","title":{"rendered":"Pantal\u00f3n en Casimir"},"content":{"rendered":"<ul>\n<li>Pantal\u00f3n largo para var\u00f3n.<\/li>\n<li>Dise\u00f1o cl\u00e1sico con pliegues frontales y dos bolsillos laterales.<\/li>\n<li>Elasticado en la cintura hasta la talla 10.<\/li>\n<li>Tela Casimir de polystel.<\/li>\n<\/ul>\n","protected":false},"excerpt":{"rendered":"<p>Pantal\u00f3n largo para var\u00f3n. Dise\u00f1o cl\u00e1sico con pliegues frontales y dos bolsillos laterales. Elasticado en la cintura hasta la talla 10. Tela Casimir de polystel.<\/p>\n","protected":false},"featured_media":4997,"template":"","meta":[],"_links":{"self":[{"href":"https:\/\/sadeluniformes.com\/tienda\/index.php\/wp-json\/wp\/v2\/product\/348"}],"collection":[{"href":"https:\/\/sadeluniformes.com\/tienda\/index.php\/wp-json\/wp\/v2\/product"}],"about":[{"href":"https:\/\/sadeluniformes.com\/tienda\/index.php\/wp-json\/wp\/v2\/types\/product"}],"wp:featuredmedia":[{"embeddable":true,"href":"https:\/\/sadeluniformes.com\/tienda\/index.php\/wp-json\/wp\/v2\/media\/4997"}],"wp:attachment":[{"href":"https:\/\/sadeluniformes.com\/tienda\/index.php\/wp-json\/wp\/v2\/media?parent=348"}],"curies":[{"name":"wp","href":"https:\/\/api.w.org\/{rel}","templated":true}]}}